21
What is 1 + -58 - (-10380 - -10266)?
57
Evaluate -107 + 29 + -118 + 317.
121
Calculate 156 - -2 - (5274 - 5207).
91
What is the value of 8 + (-5 - (25 + -17)) + -18?
-23
Calculate (115 - 138) + (8 - 37).
-52
Evaluate (-40 + 84 - -81) + -30.
95
(22 - ((-14 - -41) + -11)) + (5 - 6)
5
-2 + -11 + -2 + (1307 - 1268)
24
Evaluate (33 + -93 - -30) + 17 - (0 + -5).
-8
Calculate -2 + (281 + -263 - (1 + 79)) - -5.
-59
What is -15 - (27 + (-9 - -11 - -4))?
-48
12 + (-51 - (1 - (-1 - -15)))
-26
Evaluate 30 - (9 + 48 + -48).
21
What is -292 + 44 - (21 - 146)?
-123
-4 - (5 + (-14 - (-4 - 12))) - 68
-79
Evaluate 53 + (-6 - -1 - (-1 - -1) - (-61 + 63)).
46
Evaluate -104 - (-128 - -259 - 175).
-60
Evaluate (9 - (1 - -21)) + (-120 - -63).
-70
20 + -259 + 231 - (13 + 1 + (0 - 0))
-22
Calculate -96 - 32 - (-6 - (48 - 39)).
-113
-33 - -9 - (-80 - (-28 - 7))
21
Calculate -13 + (-4 - (-15 - -3) - 5 - -5).
-5
What is the value of 13 - (267 - 258 - (-16 - 0 - -2))?
-10
Evaluate 3 + (-31 - ((-10 + 0 - -5 - 1) + -1)).
-21
What is the value of 8 - -2 - (51 + -7 - 78)?
44
Evaluate (-21 - (30 - (-29 - -46))) + 103.
69
Calculate 16 + (-48 + 63 + (-1 - 108) - -13).
-65
Evaluate -110 - 9 - ((39 + -5 + -6 - 13) + -14).
-120
Calculate -5 + (64 - 12) - (7 + -12 - -4).
48
Calculate -109 - 21 - -112 - -97.
79
What is the value of (303 - (-76 + 350)) + (-45 - -1)?
-15
Evaluate (-195 - 20) + 161 + (12 - 0).
-42
17 - (28 - ((27 - 4) + -25))
-13
What is the value of -12 - -6 - -17 - (-55 + -1 + 4 + -9)?
72
-1181 + 1188 - (-5 + 12)
0
114 + (-30 - 23) - 60
1
What is -26 + 83 + -34 + -24?
-1
Calculate (25 - 17) + 7 + -2 + (-6 - (5 + 10)).
-8
Evaluate -79 - -108 - (-53 + 62 - (-9 + 2)).
13
-1 - -16 - (12 - ((97 - 60) + -27))
13
What is 558 + -555 - (-1 + 5 + 21 + -24 - 5)?
7
Calculate 4 + 11 + 0 + (36 - 32) + -70.
-51
15 - (-41 - ((9 - 52) + 9))
22
(383 - 438) + (1 - -15)
-39
Calculate 4 + -19 + (-5 - -6) + 6.
-8
Calculate (-7 + 37 - 5) + 29 + -14.
40
What is the value of (-19 - (-23 - 17)) + -3?
18
What is the value of 1 - -3 - (1 + 42 - 47)?
8
(-5 - -23) + 8 + -2 - 15
9
Calculate (34 - -3) + (-16 - -2) + 64.
87
Evaluate -11 + -67 + 6 + 7 - -21.
-44
(-35 - (-4 + 20 - 25)) + 59
33
-118 + (1 - -4) - (-12 + (-43 - -34))
-92
What is -2 + 1 + 73 + -165 + 70?
-23
What is the value of 16 - (-2 + 15) - (-4 - (-3 + -5))?
-1
21 + 41 - (84 - 59)
37
Calculate 5 - (-33 + -2) - (-145 - -149).
36
Evaluate -3 - 47 - (-3893 + 3837).
6
What is the value of 2 + -28 - (591 - 570)?
-47
Evaluate 17 + -1 - (65 + -47 + -13 + 28).
-17
2 - ((-5 - -22 - 1) + 9 + -10 + -2)
-11
(1 - -93) + 17016 + -17060
50
What is the value of (44 - -33) + -79 + (7 - 1)?
4
What is -18 + (-9 + -6 + -19 - -6)?
-46
What is the value of (30 - 13 - (3 + 1 + 0)) + -2737 + 2652?
-72
-920 + 1072 + (-30 - -9)
131
What is (1 - 2 - ((-32 - -31) + 12)) + -39?
-51
Evaluate 34 - (47 + (16 - (33 - 53))).
-49
Evaluate -2 + (-7 + -19 + 29 - -8) - -1.
10
Calculate 1 + (18 - 13) - -9 - 19.
-4
Calculate -227 - -239 - ((-33 - (3 + -1)) + 0).
47
What is -1 + -9 - (-28 + 44 + (34 - 64))?
4
(14 - ((24 - 2) + -6)) + 97 + 3
98
Calculate (72 - (-23 - 6) - 44) + -1 + -17.
39
Calculate -5 - ((-26 - 0) + 20) - 41.
-40
Evaluate 60 - 1 - ((-16 - -66) + -28).
37
What is 0 + 8 + (241 - 86) + -143?
20
Evaluate -1 + 9 + (7 + -1 + -7 - -10) + -2.
15
What is -27 + (-6 - -2) - -1 - (-32 + 56 - 24)?
-30
Calculate -29 - 0 - (22 + (-34 - (-18 - -1))).
-34
-16 + 21 - ((23 - (-12 - -12)) + (3 - 1))
-20
What is 23 - (78 + -33 - 22)?
0
Calculate (15 - 25) + 12 + 14 - (-47 - -2).
61
What is -1 - (123 - 1) - (-385 + 251 - -125)?
-114
Calculate 35 + (3 - 12) + 13 + -8 + -1.
30
156 + 38 - 84 - 107
3
What is (-189 - 2) + (14146 - 14084)?
-129
What is the value of -6 - (-4 - -26 - (10 + -9 + -2))?
-29
(55 - 46) + (3 - (1 + (4 - 57))) + -11
53
(57 - 35) + (1 - 0) + (21 + -2 - 8)
34
What is -3 - (94 + -7 + (23 + -27 - -16))?
-102
What is the value of -10 + (-6 - 56) - (-4 - (-7 - -7) - 6)?
-62
Evaluate (26 - 12) + 1 - (15 - 31).
31
What is 5 - ((-25 - -78) + -82)?
34
19 - (0 - (-7 + 18 + -11 + (3 - 9)))
13
What is 112 + -121 - (8 - (1 + 1)) - -10 - -26?
21
(-5 - (-21 + 4)) + (12 - (-11 + 52 + 9))
-26
Calculate (-18 - -1) + -108 + 36 + -25 + 35.
-79
-62 + 0 + -3 + (2 - (-2 - (-15 - -24)))
-52
(-9 - (12 - 42)) + 37 + -4
54
(-34256 - -34103) + 0 + 148
-5
What is 21 + -12 + (-35 - -22 - (2 + 0))?
-6
What is (2 - (46 + -1)) + 14 + (-7 - (-17 + 16))?
-35
-6 + 76 + -23 - ((-4 - 4) + 3 + 1)
51
(-13 - -1) + (-5 - -6) + -1745 + 1743
-13
Calculate -9 - (42 + -31 - (45 - 10)) - (-1 - 28).
44
What is the value of -37 - (10 - (-27 + 54))?
-20
What is the value of 14 - (5 + -3 - (-46 - -4))?
-30
Calculate (-45 - -8) + -644 + 679.
-2
Evaluate (-1 - 11) + (-8 - 25) + 13 - 13.
-45
Calculate -8 + 37 + 29 + -11 + -31.
16
What is the value of -4 + 21 + (63 - 94) + 34?
20
What is the value of -78 - 6 - (152 - 313)?
77
What is the value of (106 - 58) + -55 - 18?
-25
What is the value of -502 + 409 - (-3 - 30)?
-60
Calculate 8 + -3 + -18 - (-116 + 22 - 10).
91
What is the value of 71 + 8 + -59 + (-17 - (-1 - 2))?
6
What is the value of (-69 - (-16 + 14 - (-9 + 0) - 8)) + 4?
-64
What is the value of (-161 + 87 - -144) + (0 - 2)?
68
Calculate (-2 - 0) + (39 - 7 - 12) + 13 + -11.
20
What is the value of -6 + -7 + 17 + -11 + -8 + 8?
-7
(42 - (119 + -84)) + (9 - 1) - -18
33
95 - (-30 + 59 + 26)
40
What is (1 + -26 - 13) + 12 + (-17 - -2)?
-41
Evaluate 0 + 8 - (-86 + 7 + 21 + 26).
40
63 + 107 + -234 - (-5 + 1)
-60
What is the value of -1 + -3 + -2 + 170 + -162 + -26?
-24
Calculate ((10 - 1) + 0 - 5) + 30 + -4.
30
What is the value of 0 + 12 + (33 - 86) + (-22 - -10 - -33)?
-20
-28 - (29 - (67 + -47) - (0 + 11))
-26
What is the value of 9 + -2 + -83 + (33 - (-15 + 46))?
-74
Evaluate (5 + 21 - (-72 + 9 - 40)) + (0 - 9).
120
(-32 - -33) + -7 + 17 - (-81 - -3)
89
3 - ((-55 - 12) + 6)
64
-18 + 0 + -2 - (22662 - 22712)
30
What is (4 - 5) + 7 + -8 + -3?
-5
What is (-36 - 33 - -34) + -2?
-37
-146 + 63 + 3 + 27
-53
13 + (1 - 12 - (3 + -20 + 4 + 7))
8
What is -31 - (66 - 44 - (27 - -106))?
80
What is (16 + (5 - 22) - (1 + -13)) + -62?
-51
Evaluate 19 + (15 - -4) + 13 + -40 - -1.
12
What is the value of 1 - -5 - (-59 + 51 + -4 + -4 + 13)?
9
What is 5 + -5 + 3 - (15 + 3 + -17 + -25)?
27
Evaluate 124 + (-1 + -5 - 15) + 10 + -3 - -7.
117
2 + -13 - (18 - 48) - -8
27
Evaluate (-173 - (-48 + -17)) + 63.
-45
What is the value of -61 + -21 + 50 + 74?
42
What is (1 - (4 - -8)) + (-50 - -17)?
-44
Evaluate -43 + -59 + 63 - -16.
-23
What is (7 - -12) + 8 - (-17 + 14 + 11 + -16)?
35
What is -97 - -1 - (-28 - (0 + 20 - (-457 + 490)))?
-81
What is 12 - -28 - (13 - (2 + (10 - -6)) - -18)?
27
What is the value of 9710 + -9718 - (-36 + (0 - -1))?
27
Calculate (-38 - -1) + (-3847 - -3852).
-32
-13 - (-5 + -47 - (19 + -9 - 2))
47
Evaluate (8 + 0 - (-153 + 164)) + 41.
38
What is the value of 418 + -410 - ((-9 + 6 - (-2 - 0)) + 49)?
-40
Calculate 90 - (-9 + (130 - 56)).
25
What is (-33 - -13 - 24) + -40 - 40?
-124
((-12 - -11) + 10 - (29 - -1)) + -4
-25
What is the value of 32 - (76 - 52 - -48)?
-40
What is (15 - -22) + -83 + -1?
-47
Calculate 38 - (-10 + -2 - (-17 - (12 - 2 - 9))).
32
What is the value of -59 + -26 + (31 - 65 - -90)?
-29
Calculate (-11 - (10 + 3 + -38)) + 103 - (-20 + 6).
131
Evaluate (-17 - (-3 - 4)) + (6 - -10).
6
What is 7 + (83 - 68) - 114?
-92
What is the value of (-2 - 32) + -6 + (-44 - -55)?
-29
What is the value of -32 + (49 - 115) + 54?
-44
Evaluate 92 + (-6 - 17) + -15 + -10.
44
-4 + (15 - (9 - 5)) - (-32 + 12 - -41)
-14
What is 1 + -2 - 25 - -29 - 42?
-39
Calculate -62 - -34 - (-32 + 32 + -1 + -19).
-8
What is the value of (-1 - -144) + 919 + -1052?
10
Calculate -29 + 7 - (-3 + -1) - -21.
3
Calculate -5 + (15 + -7 - (-1 + (-5 - -5))).
4
76 + (-2 - 0 - -8) + 7 + -26
63
Evaluate -29 + -6 + 20 + 4 + 48.
37
What is the value of 4 - -45 - (-59 + (79 - 36))?
65
What is the value of -10 + (-7 - (-9 + (72 - 69 - (-3 - 3))))?
-17
Evaluate -45 + (4 - 2) + (17 - (-15 + 21)).
-32
What is (-7 + 28 - 13) + 0 + 9 + -14?
3
-7121 - -7202 - (-40 - 1)
122
77 + -31 - 34 - 46
-34
What is the value of 51 - 94 - -279 - 127?
109
What is 43 - (164 + (-35 - -9))?
-95
What is the value of (42 - 66 - -8) + (-3 - -23)?
4
What is the value 